e the remainder when 546 is divided by 544.
2
What is the remainder when 3888 is divided by 65?
53
Calculate the remainder when 226 is divided by 80.
66
What is the remainder when 869 is divided by 32?
5
Calculate the remainder when 2409 is divided by 241.
240
Calculate the remainder when 4431 is divided by 130.
11
Calculate the remainder when 709 is divided by 101.
2
Calculate the remainder when 125 is divided by 37.
14
Calculate the remainder when 57 is divided by 31.
26
Calculate the remainder when 236 is divided by 105.
26
What is the remainder when 107 is divided by 4?
3
What is the remainder when 1487 is divided by 149?
146
Calculate the remainder when 235 is divided by 81.
73
What is the remainder when 19 is divided by 11?
8
Calculate the remainder when 4453 is divided by 45.
43
What is the remainder when 1958 is divided by 70?
68
What is the remainder when 76 is divided by 45?
31
Calculate the remainder when 464 is divided by 44.
24
What is the remainder when 614 is divided by 9?
2
What is the remainder when 255 is divided by 74?
33
What is the remainder when 160 is divided by 42?
34
Calculate the remainder when 2068 is divided by 122.
116
What is the remainder when 1853 is divided by 385?
313
What is the remainder when 229 is divided by 63?
40
Calculate the remainder when 1467 is divided by 74.
61
What is the remainder when 956 is divided by 4?
0
Calculate the remainder when 765 is divided by 99.
72
Calculate the remainder when 185 is divided by 17.
15
What is the remainder when 3631 is divided by 62?
35
What is the remainder when 483 is divided by 91?
28
What is the remainder when 203 is divided by 45?
23
Calculate the remainder when 91 is divided by 63.
28
What is the remainder when 3646 is divided by 16?
14
What is the remainder when 28049 is divided by 34?
33
What is the remainder when 2113 is divided by 5?
3
Calculate the remainder when 33 is divided by 28.
5
What is the remainder when 684 is divided by 23?
17
Calculate the remainder when 862 is divided by 431.
0
What is the remainder when 2170 is divided by 181?
179
What is the remainder when 870 is divided by 25?
20
Calculate the remainder when 4206 is divided by 36.
30
What is the remainder when 142 is divided by 107?
35
What is the remainder when 1646 is divided by 38?
12
What is the remainder when 80 is divided by 43?
37
What is the remainder when 441 is divided by 6?
3
What is the remainder when 43 is divided by 24?
19
What is the remainder when 58 is divided by 19?
1
Calculate the remainder when 688 is divided by 13.
12
What is the remainder when 489 is divided by 19?
14
What is the remainder when 5878 is divided by 25?
3
Calculate the remainder when 48 is divided by 13.
9
What is the remainder when 173 is divided by 29?
28
Calculate the remainder when 234 is divided by 79.
76
What is the remainder when 1237 is divided by 210?
187
What is the remainder when 94 is divided by 16?
14
Calculate the remainder when 455 is divided by 52.
39
Calculate the remainder when 565 is divided by 13.
6
What is the remainder when 22 is divided by 13?
9
What is the remainder when 1247 is divided by 12?
11
What is the remainder when 505 is divided by 161?
22
Calculate the remainder when 28 is divided by 8.
4
Calculate the remainder when 390 is divided by 79.
74
Calculate the remainder when 521 is divided by 106.
97
What is the remainder when 31326 is divided by 10?
6
What is the remainder when 5556 is divided by 51?
48
What is the remainder when 148 is divided by 30?
28
Calculate the remainder when 635 is divided by 40.
35
Calculate the remainder when 857 is divided by 163.
42
What is the remainder when 42730 is divided by 13?
12
Calculate the remainder when 1339 is divided by 90.
79
What is the remainder when 368 is divided by 115?
23
What is the remainder when 844 is divided by 141?
139
What is the remainder when 8768 is divided by 79?
78
Calculate the remainder when 426 is divided by 197.
32
Calculate the remainder when 3517 is divided by 20.
17
Calculate the remainder when 582 is divided by 54.
42
What is the remainder when 25 is divided by 16?
9
What is the remainder when 2504 is divided by 27?
20
What is the remainder when 308 is divided by 75?
8
Calculate the remainder when 234 is divided by 14.
10
Calculate the remainder when 9132 is divided by 203.
200
Calculate the remainder when 1677 is divided by 60.
57
Calculate the remainder when 65 is divided by 9.
2
Calculate the remainder when 71 is divided by 18.
17
Calculate the remainder when 84 is divided by 52.
32
Calculate the remainder when 728 is divided by 163.
76
What is the remainder when 539 is divided by 136?
131
What is the remainder when 454 is divided by 24?
22
Calculate the remainder when 1295 is divided by 48.
47
What is the remainder when 131 is divided by 110?
21
What is the remainder when 699 is divided by 46?
9
What is the remainder when 168 is divided by 154?
14
Calculate the remainder when 5393 is divided by 142.
139
Calculate the remainder when 3292 is divided by 183.
181
Calculate the remainder when 3352 is divided by 32.
24
What is the remainder when 905 is divided by 181?
0
What is the remainder when 275 is divided by 14?
9
What is the remainder when 1168 is divided by 290?
8
Calculate the remainder when 142 is divided by 59.
24
What is the remainder when 485 is divided by 14?
9
Calculate the remainder when 440 is divided by 91.
76
What is the remainder when 22398 is divided by 46?
42
What is the remainder when 341 is divided by 88?
77
What is the remainder when 323 is divided by 58?
33
Calculate the remainder when 45 is divided by 16.
13
Calculate the remainder when 725 is divided by 7.
4
What is the remainder when 445 is divided by 30?
25
What is the remainder when 427 is divided by 86?
83
Calculate the remainder when 53 is divided by 3.
2
What is the remainder when 1605 is divided by 73?
72
What is the remainder when 6521 is divided by 25?
21
Calculate the remainder when 181 is divided by 103.
78
What is the remainder when 156 is divided by 82?
74
What is the remainder when 285 is divided by 222?
63
What is the remainder when 6278 is divided by 10?
8
What is the remainder when 232 is divided by 59?
55
What is the remainder when 39 is divided by 14?
11
Calculate the remainder when 35775 is divided by 86.
85
What is the remainder when 1774 is divided by 1767?
7
Calculate the remainder when 3947 is divided by 42.
41
What is the remainder when 51 is divided by 6?
3
What is the remainder when 1345 is divided by 71?
67
What is the remainder when 23295 is divided by 182?
181
Calculate the remainder when 2032 is divided by 459.
196
Calculate the remainder when 56 is divided by 8.
0
What is the remainder when 842 is divided by 830?
12
What is the remainder when 22 is divided by 5?
2
What is the remainder when 425 is divided by 13?
9
Calculate the remainder when 253 is divided by 38.
25
Calculate the remainder when 2349 is divided by 21.
18
Calculate the remainder when 1966 is divided by 103.
9
What is the remainder when 233 is divided by 17?
12
What is the remainder when 1148 is divided by 559?
30
What is the remainder when 207 is divided by 14?
11
What is the remainder when 3628 is divided by 8?
4
Calculate the remainder when 31 is divided by 9.
4
What is the remainder when 9075 is divided by 29?
27
Calculate the remainder when 5421 is divided by 12.
9
What is the remainder when 145 is divided by 102?
43
Calculate the remainder when 1328 is divided by 70.
68
Calculate the remainder when 4990 is divided by 15.
10
Calculate the remainder when 624 is divided by 31.
4
Calculate the remainder when 122 is divided by 31.
29
Calculate the remainder when 447 is divided by 28.
27
Calculate the remainder when 625 is divided by 17.
13
Calculate the remainder when 98 is divided by 26.
20
Calculate the remainder when 10798 is divided by 15.
13
Calculate the remainder when 115 is divided by 50.
15
What is the remainder when 752 is divided by 107?
3
What is the remainder when 183 is divided by 88?
7
Calculate the remainder when 2546 is divided by 9.
8
Calculate the remainder when 1575 is divided by 113.
106
What is the remainder when 1008 is divided by 502?
4
Calculate the remainder when 52 is divided by 45.
7
Calculate the remain